{"id":421,"date":"2024-05-14T00:57:32","date_gmt":"2024-05-13T20:57:32","guid":{"rendered":"https:\/\/minifootball.az\/mini\/?page_id=421"},"modified":"2024-05-17T18:19:51","modified_gmt":"2024-05-17T14:19:51","slug":"rehberlik","status":"publish","type":"page","link":"https:\/\/minifootball.az\/mini\/?page_id=421","title":{"rendered":"R\u018fHB\u018fRL\u0130K"},"content":{"rendered":"\n<p><\/p>\n\n\n\n<div class=\"wp-block-media-text is-stacked-on-mobile\" style=\"grid-template-columns:45% auto\"><figure class=\"wp-block-media-text__media\"><img fetchpriority=\"high\" decoding=\"async\" width=\"800\" height=\"579\" src=\"https:\/\/minifootball.az\/mini\/wp-content\/uploads\/2024\/05\/msport-1661511035_orxanmammadov-c07gqx.webp\" alt=\"\" class=\"wp-image-426 size-full\" srcset=\"https:\/\/minifootball.az\/mini\/wp-content\/uploads\/2024\/05\/msport-1661511035_orxanmammadov-c07gqx.webp 800w, https:\/\/minifootball.az\/mini\/wp-content\/uploads\/2024\/05\/msport-1661511035_orxanmammadov-c07gqx-300x217.webp 300w, https:\/\/minifootball.az\/mini\/wp-content\/uploads\/2024\/05\/msport-1661511035_orxanmammadov-c07gqx-768x556.webp 768w\" sizes=\"(max-width: 800px) 100vw, 800px\" \/><\/figure><div class=\"wp-block-media-text__content\">\n<p class=\"has-medium-font-size\"><strong>Orxan M\u0259mm\u0259dov<\/strong><br><em>Federasiyan\u0131n prezidenti<\/em><\/p>\n\n\n\n<p>1984-c\u00fc il\u0259 Bak\u0131 \u015f\u0259h\u0259rind\u0259 anadan olub. 11 iyul 2023-c\u00fc ild\u0259 Az\u0259rbaycan Minifutbol Federasiyas\u0131n\u0131n prezidenti se\u00e7ilib.<\/p>\n<\/div><\/div>\n\n\n\n<hr class=\"wp-block-separator has-text-color has-white-color has-alpha-channel-opacity has-white-background-color has-background\"\/>\n\n\n\n<div class=\"wp-block-media-text is-stacked-on-mobile\" style=\"grid-template-columns:45% auto\"><figure class=\"wp-block-media-text__media\"><img decoding=\"async\" width=\"1000\" height=\"740\" src=\"https:\/\/minifootball.az\/mini\/wp-content\/uploads\/2024\/05\/taleh2-1.jpg\" alt=\"\" class=\"wp-image-634 size-full\" srcset=\"https:\/\/minifootball.az\/mini\/wp-content\/uploads\/2024\/05\/taleh2-1.jpg 1000w, https:\/\/minifootball.az\/mini\/wp-content\/uploads\/2024\/05\/taleh2-1-300x222.jpg 300w, https:\/\/minifootball.az\/mini\/wp-content\/uploads\/2024\/05\/taleh2-1-768x568.jpg 768w\" sizes=\"(max-width: 1000px) 100vw, 1000px\" \/><\/figure><div class=\"wp-block-media-text__content\">\n<p class=\"has-medium-font-size\"><strong>Taleh N\u0259sibov<\/strong><br><em><em>Federasiyan\u0131n<\/em><\/em> <em>\u0130cra\u00e7\u0131 vitse-prezidenti<\/em><\/p>\n\n\n\n<p>1985-ci ild\u0259 Bak\u0131 \u015f\u0259h\u0259rind\u0259 anadan olub. 2019-cu ild\u0259n Az\u0259rbaycan Minifutbol Federasiyas\u0131n\u0131n prezidenti se\u00e7ilib. 2023-ci ild\u0259n federasiyan\u0131n icra\u00e7\u0131 vitse-prezidenti v\u0259zif\u0259sini da\u015f\u0131y\u0131r.<\/p>\n<\/div><\/div>\n\n\n\n<hr class=\"wp-block-separator has-text-color has-white-color has-alpha-channel-opacity has-white-background-color has-background\"\/>\n\n\n\n<div class=\"wp-block-media-text is-stacked-on-mobile\" style=\"grid-template-columns:45% auto\"><figure class=\"wp-block-media-text__media\"><img decoding=\"async\" width=\"985\" height=\"758\" src=\"https:\/\/minifootball.az\/mini\/wp-content\/uploads\/2024\/05\/IMG-20240514-WA0008.jpg\" alt=\"\" class=\"wp-image-439 size-full\" srcset=\"https:\/\/minifootball.az\/mini\/wp-content\/uploads\/2024\/05\/IMG-20240514-WA0008.jpg 985w, https:\/\/minifootball.az\/mini\/wp-content\/uploads\/2024\/05\/IMG-20240514-WA0008-300x231.jpg 300w, https:\/\/minifootball.az\/mini\/wp-content\/uploads\/2024\/05\/IMG-20240514-WA0008-768x591.jpg 768w\" sizes=\"(max-width: 985px) 100vw, 985px\" \/><\/figure><div class=\"wp-block-media-text__content\">\n<p class=\"has-medium-font-size\"><strong>Az\u0259r H\u00fcseynov<br><\/strong><em>Federasiyan\u0131n<\/em> <em>vitse-prezidenti<\/em><\/p>\n\n\n\n<p>1990-c\u0131 ild\u0259 Bak\u0131 \u015f\u0259h\u0259rind\u0259 anadan olub. 2017-ci ild\u0259n 2022-ci il\u0259 q\u0259d\u0259r federasiyan\u0131n ba\u015f katibi v\u0259zif\u0259sind\u0259 \u00e7al\u0131\u015f\u0131b. 2022-ci ild\u0259n vitse-prezident v\u0259zif\u0259sin\u0259 t\u0259yin olunub.<\/p>\n<\/div><\/div>\n\n\n\n<hr class=\"wp-block-separator has-text-color has-white-color has-alpha-channel-opacity has-white-background-color has-background\"\/>\n\n\n\n<div class=\"wp-block-media-text is-stacked-on-mobile\" style=\"grid-template-columns:45% auto\"><figure class=\"wp-block-media-text__media\"><img loading=\"lazy\" decoding=\"async\" width=\"1024\" height=\"682\" src=\"https:\/\/minifootball.az\/mini\/wp-content\/uploads\/2024\/05\/bas-katib-1024x682.jpg\" alt=\"\" class=\"wp-image-479 size-full\" srcset=\"https:\/\/minifootball.az\/mini\/wp-content\/uploads\/2024\/05\/bas-katib-1024x682.jpg 1024w, https:\/\/minifootball.az\/mini\/wp-content\/uploads\/2024\/05\/bas-katib-300x200.jpg 300w, https:\/\/minifootball.az\/mini\/wp-content\/uploads\/2024\/05\/bas-katib-768x512.jpg 768w, https:\/\/minifootball.az\/mini\/wp-content\/uploads\/2024\/05\/bas-katib-1536x1023.jpg 1536w, https:\/\/minifootball.az\/mini\/wp-content\/uploads\/2024\/05\/bas-katib.jpg 1600w\" sizes=\"(max-width: 1024px) 100vw, 1024px\" \/><\/figure><div class=\"wp-block-media-text__content\">\n<p class=\"has-medium-font-size\"><strong>Orxan H\u00fcseynov<br><\/strong><em>Ba\u015f katib<\/em><\/p>\n\n\n\n<p>1987-ci ild\u0259 Bak\u0131 \u015f\u0259h\u0259rind\u0259 anadan olub. 2022-ci ild\u0259 federasiyan\u0131n ba\u015f katibi t\u0259yin olunub.<\/p>\n<\/div><\/div>\n\n\n\n<hr class=\"wp-block-separator has-text-color has-white-color has-alpha-channel-opacity has-white-background-color has-background\"\/>\n\n\n\n<div class=\"wp-block-media-text is-stacked-on-mobile\" style=\"grid-template-columns:45% auto\"><figure class=\"wp-block-media-text__media\"><img loading=\"lazy\" decoding=\"async\" width=\"1024\" height=\"973\" src=\"https:\/\/minifootball.az\/mini\/wp-content\/uploads\/2024\/05\/IMG-20240514-WA0045-1024x973.jpg\" alt=\"\" class=\"wp-image-470 size-full\" srcset=\"https:\/\/minifootball.az\/mini\/wp-content\/uploads\/2024\/05\/IMG-20240514-WA0045-1024x973.jpg 1024w, https:\/\/minifootball.az\/mini\/wp-content\/uploads\/2024\/05\/IMG-20240514-WA0045-300x285.jpg 300w, https:\/\/minifootball.az\/mini\/wp-content\/uploads\/2024\/05\/IMG-20240514-WA0045-768x730.jpg 768w, https:\/\/minifootball.az\/mini\/wp-content\/uploads\/2024\/05\/IMG-20240514-WA0045.jpg 1280w\" sizes=\"(max-width: 1024px) 100vw, 1024px\" \/><\/figure><div class=\"wp-block-media-text__content\">\n<p class=\"has-medium-font-size\"><strong>S\u0259rxan \u0130brahimo\u011flu<br><\/strong><em>M\u0259tbuat v\u0259 \u0130ctimaiyy\u0259tl\u0259 \u018flaq\u0259l\u0259r Deportamentinin r\u0259hb\u0259ri<\/em><\/p>\n\n\n\n<p>1983-c\u00fc ild\u0259 Bak\u0131 \u015f\u0259h\u0259rind\u0259 anadan olub. 2022-ci ild\u0259n Az\u0259rbaycan Minifutbol Federasiyas\u0131n\u0131n M\u0259tbuat v\u0259 \u0130ctimaiyy\u0259tl\u0259 \u018flaq\u0259l\u0259r Departamentinin r\u0259hb\u0259ri t\u0259yin olunub<\/p>\n<\/div><\/div>\n\n\n\n<hr class=\"wp-block-separator has-text-color has-white-color has-alpha-channel-opacity has-white-background-color has-background\"\/>\n\n\n\n<div class=\"wp-block-media-text is-stacked-on-mobile\" style=\"grid-template-columns:45% auto\"><figure class=\"wp-block-media-text__media\"><img loading=\"lazy\" decoding=\"async\" width=\"600\" height=\"445\" src=\"https:\/\/minifootball.az\/mini\/wp-content\/uploads\/2024\/05\/vusal.jpg\" alt=\"\" class=\"wp-image-626 size-full\" srcset=\"https:\/\/minifootball.az\/mini\/wp-content\/uploads\/2024\/05\/vusal.jpg 600w, https:\/\/minifootball.az\/mini\/wp-content\/uploads\/2024\/05\/vusal-300x223.jpg 300w\" sizes=\"(max-width: 600px) 100vw, 600px\" \/><\/figure><div class=\"wp-block-media-text__content\">\n<p class=\"has-medium-font-size\"><strong>V\u00fcsal C\u0259milli<br><\/strong><em>Yar\u0131\u015flar\u0131n t\u0259\u015fkili v\u0259 ke\u00e7irilm\u0259si departamentinin koordinatoru<\/em><\/p>\n\n\n\n<p>2022-ci ild\u0259n federasiyada \u00e7al\u0131\u015f\u0131r.<\/p>\n<\/div><\/div>\n\n\n\n<hr class=\"wp-block-separator has-text-color has-white-color has-alpha-channel-opacity has-white-background-color has-background\"\/>\n","protected":false},"excerpt":{"rendered":"<p>Orxan M\u0259mm\u0259dovFederasiyan\u0131n prezidenti 1984-c\u00fc il\u0259 Bak\u0131 \u015f\u0259h\u0259rind\u0259 anadan olub. 11 iyul 2023-c\u00fc ild\u0259 Az\u0259rbaycan Minifutbol Federasiyas\u0131n\u0131n prezidenti se\u00e7ilib. Taleh N\u0259sibovFederasiyan\u0131n \u0130cra\u00e7\u0131 vitse-prezidenti 1985-ci ild\u0259 Bak\u0131 \u015f\u0259h\u0259rind\u0259 anadan olub. 2019-cu ild\u0259n Az\u0259rbaycan Minifutbol Federasiyas\u0131n\u0131n prezidenti se\u00e7ilib. 2023-ci ild\u0259n federasiyan\u0131n icra\u00e7\u0131 vitse-prezidenti v\u0259zif\u0259sini da\u015f\u0131y\u0131r. Az\u0259r H\u00fcseynovFederasiyan\u0131n vitse-prezidenti 1990-c\u0131 ild\u0259 Bak\u0131 \u015f\u0259h\u0259rind\u0259 anadan olub. 2017-ci ild\u0259n 2022-ci il\u0259 q\u0259d\u0259r federasiyan\u0131n ba\u015f katibi v\u0259zif\u0259sind\u0259 \u00e7al\u0131\u015f\u0131b. 2022-ci ild\u0259n vitse-prezident v\u0259zif\u0259sin\u0259 t\u0259yin olunub. Orxan H\u00fcseynovBa\u015f katib 1987-ci ild\u0259 Bak\u0131 \u015f\u0259h\u0259rind\u0259 anadan olub. 2022-ci ild\u0259 federasiyan\u0131n ba\u015f katibi t\u0259yin olunub. S\u0259rxan \u0130brahimo\u011fluM\u0259tbuat v\u0259 \u0130ctimaiyy\u0259tl\u0259 \u018flaq\u0259l\u0259r Deportamentinin r\u0259hb\u0259ri 1983-c\u00fc ild\u0259 Bak\u0131 \u015f\u0259h\u0259rind\u0259 anadan olub. 2022-ci ild\u0259n Az\u0259rbaycan Minifutbol Federasiyas\u0131n\u0131n M\u0259tbuat v\u0259 \u0130ctimaiyy\u0259tl\u0259 \u018flaq\u0259l\u0259r Departamentinin r\u0259hb\u0259ri t\u0259yin olunub V\u00fcsal C\u0259milliYar\u0131\u015flar\u0131n t\u0259\u015fkili v\u0259 ke\u00e7irilm\u0259si departamentinin koordinatoru 2022-ci ild\u0259n federasiyada \u00e7al\u0131\u015f\u0131r.<\/p>\n","protected":false},"author":1,"featured_media":0,"parent":0,"menu_order":0,"comment_status":"closed","ping_status":"closed","template":"","meta":{"_siteseo_robots_primary_cat":"","footnotes":""},"class_list":["post-421","page","type-page","status-publish","hentry"],"_links":{"self":[{"href":"https:\/\/minifootball.az\/mini\/index.php?rest_route=\/wp\/v2\/pages\/421","targetHints":{"allow":["GET"]}}],"collection":[{"href":"https:\/\/minifootball.az\/mini\/index.php?rest_route=\/wp\/v2\/pages"}],"about":[{"href":"https:\/\/minifootball.az\/mini\/index.php?rest_route=\/wp\/v2\/types\/page"}],"author":[{"embeddable":true,"href":"https:\/\/minifootball.az\/mini\/index.php?rest_route=\/wp\/v2\/users\/1"}],"replies":[{"embeddable":true,"href":"https:\/\/minifootball.az\/mini\/index.php?rest_route=%2Fwp%2Fv2%2Fcomments&post=421"}],"version-history":[{"count":31,"href":"https:\/\/minifootball.az\/mini\/index.php?rest_route=\/wp\/v2\/pages\/421\/revisions"}],"predecessor-version":[{"id":643,"href":"https:\/\/minifootball.az\/mini\/index.php?rest_route=\/wp\/v2\/pages\/421\/revisions\/643"}],"wp:attachment":[{"href":"https:\/\/minifootball.az\/mini\/index.php?rest_route=%2Fwp%2Fv2%2Fmedia&parent=421"}],"curies":[{"name":"wp","href":"https:\/\/api.w.org\/{rel}","templated":true}]}}

RƏHBƏRLİK

<p></p>



<div class="wp-block-media-text is-stacked-on-mobile" style="grid-template-columns:45% auto"><figure class="wp-block-media-text__media"><img fetchpriority="high" decoding="async" width="800" height="579" src="https://minifootball.az/mini/wp-content/uploads/2024/05/msport-1661511035_orxanmammadov-c07gqx.webp" alt="" class="wp-image-426 size-full" srcset="https://minifootball.az/mini/wp-content/uploads/2024/05/msport-1661511035_orxanmammadov-c07gqx.webp 800w, https://minifootball.az/mini/wp-content/uploads/2024/05/msport-1661511035_orxanmammadov-c07gqx-300x217.webp 300w, https://minifootball.az/mini/wp-content/uploads/2024/05/msport-1661511035_orxanmammadov-c07gqx-768x556.webp 768w" sizes="(max-width: 800px) 100vw, 800px" /></figure><div class="wp-block-media-text__content">
<p class="has-medium-font-size"><strong>Orxan Məmmədov</strong><br><em>Federasiyanın prezidenti</em></p>



<p>1984-cü ilə Bakı şəhərində anadan olub. 11 iyul 2023-cü ildə Azərbaycan Minifutbol Federasiyasının prezidenti seçilib.</p>
</div></div>



<hr class="wp-block-separator has-text-color has-white-color has-alpha-channel-opacity has-white-background-color has-background"/>



<div class="wp-block-media-text is-stacked-on-mobile" style="grid-template-columns:45% auto"><figure class="wp-block-media-text__media"><img decoding="async" width="1000" height="740" src="https://minifootball.az/mini/wp-content/uploads/2024/05/taleh2-1.jpg" alt="" class="wp-image-634 size-full" srcset="https://minifootball.az/mini/wp-content/uploads/2024/05/taleh2-1.jpg 1000w, https://minifootball.az/mini/wp-content/uploads/2024/05/taleh2-1-300x222.jpg 300w, https://minifootball.az/mini/wp-content/uploads/2024/05/taleh2-1-768x568.jpg 768w" sizes="(max-width: 1000px) 100vw, 1000px" /></figure><div class="wp-block-media-text__content">
<p class="has-medium-font-size"><strong>Taleh Nəsibov</strong><br><em><em>Federasiyanın</em></em> <em>İcraçı vitse-prezidenti</em></p>



<p>1985-ci ildə Bakı şəhərində anadan olub. 2019-cu ildən Azərbaycan Minifutbol Federasiyasının prezidenti seçilib. 2023-ci ildən federasiyanın icraçı vitse-prezidenti vəzifəsini daşıyır.</p>
</div></div>



<hr class="wp-block-separator has-text-color has-white-color has-alpha-channel-opacity has-white-background-color has-background"/>



<div class="wp-block-media-text is-stacked-on-mobile" style="grid-template-columns:45% auto"><figure class="wp-block-media-text__media"><img decoding="async" width="985" height="758" src="https://minifootball.az/mini/wp-content/uploads/2024/05/IMG-20240514-WA0008.jpg" alt="" class="wp-image-439 size-full" srcset="https://minifootball.az/mini/wp-content/uploads/2024/05/IMG-20240514-WA0008.jpg 985w, https://minifootball.az/mini/wp-content/uploads/2024/05/IMG-20240514-WA0008-300x231.jpg 300w, https://minifootball.az/mini/wp-content/uploads/2024/05/IMG-20240514-WA0008-768x591.jpg 768w" sizes="(max-width: 985px) 100vw, 985px" /></figure><div class="wp-block-media-text__content">
<p class="has-medium-font-size"><strong>Azər Hüseynov<br></strong><em>Federasiyanın</em> <em>vitse-prezidenti</em></p>



<p>1990-cı ildə Bakı şəhərində anadan olub. 2017-ci ildən 2022-ci ilə qədər federasiyanın baş katibi vəzifəsində çalışıb. 2022-ci ildən vitse-prezident vəzifəsinə təyin olunub.</p>
</div></div>



<hr class="wp-block-separator has-text-color has-white-color has-alpha-channel-opacity has-white-background-color has-background"/>



<div class="wp-block-media-text is-stacked-on-mobile" style="grid-template-columns:45% auto"><figure class="wp-block-media-text__media"><img loading="lazy" decoding="async" width="1024" height="682" src="https://minifootball.az/mini/wp-content/uploads/2024/05/bas-katib-1024x682.jpg" alt="" class="wp-image-479 size-full" srcset="https://minifootball.az/mini/wp-content/uploads/2024/05/bas-katib-1024x682.jpg 1024w, https://minifootball.az/mini/wp-content/uploads/2024/05/bas-katib-300x200.jpg 300w, https://minifootball.az/mini/wp-content/uploads/2024/05/bas-katib-768x512.jpg 768w, https://minifootball.az/mini/wp-content/uploads/2024/05/bas-katib-1536x1023.jpg 1536w, https://minifootball.az/mini/wp-content/uploads/2024/05/bas-katib.jpg 1600w" sizes="(max-width: 1024px) 100vw, 1024px" /></figure><div class="wp-block-media-text__content">
<p class="has-medium-font-size"><strong>Orxan Hüseynov<br></strong><em>Baş katib</em></p>



<p>1987-ci ildə Bakı şəhərində anadan olub. 2022-ci ildə federasiyanın baş katibi təyin olunub.</p>
</div></div>



<hr class="wp-block-separator has-text-color has-white-color has-alpha-channel-opacity has-white-background-color has-background"/>



<div class="wp-block-media-text is-stacked-on-mobile" style="grid-template-columns:45% auto"><figure class="wp-block-media-text__media"><img loading="lazy" decoding="async" width="1024" height="973" src="https://minifootball.az/mini/wp-content/uploads/2024/05/IMG-20240514-WA0045-1024x973.jpg" alt="" class="wp-image-470 size-full" srcset="https://minifootball.az/mini/wp-content/uploads/2024/05/IMG-20240514-WA0045-1024x973.jpg 1024w, https://minifootball.az/mini/wp-content/uploads/2024/05/IMG-20240514-WA0045-300x285.jpg 300w, https://minifootball.az/mini/wp-content/uploads/2024/05/IMG-20240514-WA0045-768x730.jpg 768w, https://minifootball.az/mini/wp-content/uploads/2024/05/IMG-20240514-WA0045.jpg 1280w" sizes="(max-width: 1024px) 100vw, 1024px" /></figure><div class="wp-block-media-text__content">
<p class="has-medium-font-size"><strong>Sərxan İbrahimoğlu<br></strong><em>Mətbuat və İctimaiyyətlə Əlaqələr Deportamentinin rəhbəri</em></p>



<p>1983-cü ildə Bakı şəhərində anadan olub. 2022-ci ildən Azərbaycan Minifutbol Federasiyasının Mətbuat və İctimaiyyətlə Əlaqələr Departamentinin rəhbəri təyin olunub</p>
</div></div>



<hr class="wp-block-separator has-text-color has-white-color has-alpha-channel-opacity has-white-background-color has-background"/>



<div class="wp-block-media-text is-stacked-on-mobile" style="grid-template-columns:45% auto"><figure class="wp-block-media-text__media"><img loading="lazy" decoding="async" width="600" height="445" src="https://minifootball.az/mini/wp-content/uploads/2024/05/vusal.jpg" alt="" class="wp-image-626 size-full" srcset="https://minifootball.az/mini/wp-content/uploads/2024/05/vusal.jpg 600w, https://minifootball.az/mini/wp-content/uploads/2024/05/vusal-300x223.jpg 300w" sizes="(max-width: 600px) 100vw, 600px" /></figure><div class="wp-block-media-text__content">
<p class="has-medium-font-size"><strong>Vüsal Cəmilli<br></strong><em>Yarışların təşkili və keçirilməsi departamentinin koordinatoru</em></p>



<p>2022-ci ildən federasiyada çalışır.</p>
</div></div>



<hr class="wp-block-separator has-text-color has-white-color has-alpha-channel-opacity has-white-background-color has-background"/>

<p>Orxan MəmmədovFederasiyanın prezidenti 1984-cü ilə Bakı şəhərində anadan olub. 11 iyul 2023-cü ildə Azərbaycan Minifutbol Federasiyasının prezidenti seçilib. Taleh NəsibovFederasiyanın İcraçı vitse-prezidenti 1985-ci ildə Bakı şəhərində anadan olub. 2019-cu ildən Azərbaycan Minifutbol Federasiyasının prezidenti seçilib. 2023-ci ildən federasiyanın icraçı vitse-prezidenti vəzifəsini daşıyır. Azər HüseynovFederasiyanın vitse-prezidenti 1990-cı ildə Bakı şəhərində anadan olub. 2017-ci ildən 2022-ci ilə qədər federasiyanın baş katibi vəzifəsində çalışıb. 2022-ci ildən vitse-prezident vəzifəsinə təyin olunub. Orxan HüseynovBaş katib 1987-ci ildə Bakı şəhərində anadan olub. 2022-ci ildə federasiyanın baş katibi təyin olunub. Sərxan İbrahimoğluMətbuat və İctimaiyyətlə Əlaqələr Deportamentinin rəhbəri 1983-cü ildə Bakı şəhərində anadan olub. 2022-ci ildən Azərbaycan Minifutbol Federasiyasının Mətbuat və İctimaiyyətlə Əlaqələr Departamentinin rəhbəri təyin olunub Vüsal CəmilliYarışların təşkili və keçirilməsi departamentinin koordinatoru 2022-ci ildən federasiyada çalışır.</p>
